 8 = p + 3*o. Suppose -4*i = -7 - p. Let c(n) = -n**2 + 7*n - 6. What is c(i)?
0
Let g = -57 - -59. Let k(q) = g*q - 1 + 2*q**3 - 110*q**2 + 110*q**2. Calculate k(1).
3
Let p(h) = 4*h**3 + 4*h**2 + 3*h - 1. Let v be (-1)/(5 - 32/8). Calculate p(v).
-4
Let k(x) be the third derivative of -x**5/60 + 11*x**4/24 - 13*x**3/3 - 151*x**2. Give k(9).
-8
Let r(x) = -x + 1. Let v(c) = -c**2 - 4*c + 4. Let f(u) = -5*r(u) + v(u). Let b(y) = 4*y**2 - 11*y. Let l(o) = b(o) + 5*f(o). Calculate l(-6).
-5
Let m(a) = -4*a + 19. Let l be m(4). Let h(u) = 5 + 7*u - 3*u + 4*u**2 - l*u**2. Calculate h(-4).
5
Let j(n) be the third derivative of -5*n**4/24 + n**3 - 122*n**2. What is j(2)?
-4
Suppose 4 = 2*v, -v = c + 3*v - 8. Suppose -2*y + 3*y = c. Let j(k) = -7*k + y*k + k. Determine j(-2).
12
Suppose -101*u + 102*u + 1 = 0. Let i(m) = 21 - 8*m + 30 - 52. Give i(u).
7
Let p(r) = r + 11. Let t be p(-8). Suppose t = 2*l - 5. Let n(j) = -3*j**2 + l*j**2 - 5 + 6*j + 10. Determine n(-6).
5
Suppose 5*g - 12 = -7. Let n(x) = -g + 182*x + 7 - 183*x. Determine n(3).
3
Let r(k) = k**3 - 8*k**2 + 10*k - 8. Let d(m) = m**3 - 7*m**2 + 12*m - 36. Let h be d(6). Let b be h + 0 + 8/(-12)*-9. Calculate r(b).
-20
Let s(j) = j**2 + 4*j - 1. Suppose 0 = -171*r + 151*r - 160. Give s(r).
31
Let b(j) = -j**2 - 3*j**2 - 3*j**2 - 1 - 2*j. Let f = -395 - -394. Determine b(f).
-6
Let t(l) = 14*l - 23. Let a(z) = 7*z - 10. Let v(o) = -36*o + 51. Let d(s) = -11*a(s) - 2*v(s). Let c = -443 - -454. Let f(u) = c*d(u) + 4*t(u). Calculate f(5).
1
Let s(r) be the second derivative of -r**4/24 + 2*r**3/3 - r**2/2 - r. Let k(t) be the first derivative of s(t). Let n(v) = 5*v + 31. Let c be n(-5). Give k(c).
-2
Let w(g) = 6*g + 6. Let o(p) = -2*p - 5. Let s(m) = -2*o(m) - w(m). Suppose -3*v + 31 = 5*x, -4*v + 3*v + 27 = 5*x. Suppose -a = v*a - 9. What is s(a)?
-2
Let n(d) be the first derivative of -d**6/120 + 3*d**5/20 + 11*d**4/24 - 2*d**3 - 2*d**2 - 8*d + 44. Let g(j) be the second derivative of n(j). Determine g(10).
-2
Let g(l) = -l**2 + 7*l - 10. Let d be -2 + -25*(-3)/15. What is g(d)?
2
Let q(z) be the second derivative of z**6/240 + z**5/30 + 5*z**4/12 - 17*z. Let v(b) be the third derivative of q(b). Calculate v(-3).
-5
Let h(g) = -2*g**3 + 4*g**2 - g + 2. Let j = 68 - 139. Let f = j + 74. Give h(f).
-19
Let i(d) be the third derivative of d**7/840 - d**6/90 + d**5/60 - d**4/12 - 3*d**3/2 - 10*d**2. Let f(z) be the first derivative of i(z). Determine f(4).
6
Let u(c) = -c**3 - 4*c**2 + c + 1. Suppose 63 + 37 = 5*y. Suppose 5*n = 8 + 2. Suppose 3*t + t + y = 2*l, -n*t = 5*l - 2. Calculate u(t).
-3
Let s(h) = -7*h + 4. Let b(z) = -6*z + 1. Let u(i) = 12*i - 1. Let n(o) = 5*b(o) + 2*u(o). Let g = 11 + -8. Let v(a) = g*s(a) - 4*n(a). Give v(-3).
-9
Let r(s) = 16 + 2*s**2 + 17 + s**3 - 31. Calculate r(-3).
-7
Let s(j) = -282*j**2 + 281*j**2 + 6*j + 9 + 7. What is s(8)?
0
Let b(q) be the second derivative of q**4/6 + 16*q**3/3 - 13*q**2/2 + 146*q. Calculate b(-16).
-13
Suppose -4*a - 4*l + 8 = 0, -19 = -2*a + l - 15. Let t(k) = 4*k + 1. Determine t(a).
9
Let c(v) = v**3 - v**2 - 2*v - 2. Suppose -2*g - 5*x - 15 = 0, 3*g = -2*x - 2 - 4. What is c(g)?
-2
Let l = 5 - 0. Let s(v) = v**2 - 5*v + 1. Let n(g) = -g + 13. Let m be n(15). Let r(x) = 2*x**2 - 11*x + 1. Let w(a) = l*s(a) + m*r(a). What is w(3)?
3
Let t(r) = r**2 - 3*r + 1. Let g(j) = -4*j**2 + 18*j - 4. Let b(k) = -2*g(k) - 10*t(k). Give b(-4).
-10
Suppose 4*t - 5*t = -2. Let l(g) = 3*g + 2*g + g**3 + 2 - 42*g**t + 46*g**2. Suppose -7 = -4*f - 19. What is l(f)?
-4
Let p(h) = -5*h**2 - 5*h. Suppose -142 + 152 = -5*c. Determine p(c).
-10
Let u(s) = -s**3 + 11*s**2 - 12*s + 9. Suppose -2*i + 5 = 3*x, 1 - 21 = -i + 2*x. Calculate u(i).
-11
Let j(w) = -6*w**2 + 7*w - 18. Let o be (-2)/6*((7 - 27) + -1). Let c(l) = 5*l**2 - 7*l + 17. Let d(b) = o*c(b) + 6*j(b). Give d(-8).
3
Let d(a) = 3*a**3 + 8*a + 4*a**2 + 3 - a**3 - 4*a. Let h(y) = -y**3 + 40*y**2 - 34*y - 197. Let c be h(39). Calculate d(c).
-5
Let q(o) be the second derivative of -o**7/2520 + o**6/240 - o**5/120 - 11*o**4/12 - 2*o. Let f(c) be the third derivative of q(c). Determine f(5).
-11
Let u(d) be the second derivative of d**4/12 + 8*d**3/3 - 15*d**2/2 + 3*d. Let q be u(-17). Let m(n) = 6*n - 1. Give m(q).
11
Let b(a) = -6*a - 3. Let h be b(-3). Let p = -15 + h. Let o(c) = p - 5*c - 3 + 5*c + c. Give o(0).
-3
Let b(d) = 2*d**2 - d - 4. Suppose 6*h = 150 - 138. Determine b(h).
2
Let t(k) = 6 + 5*k**3 + 2*k**2 - 2*k + 3*k**3 - 8*k**3 - 3*k + k**3. Determine t(-5).
-44
Let v(k) be the second derivative of -k**5/20 - k**4/2 - k**3/6 + 82*k. What is v(-6)?
6
Let q(r) = -2*r + 3. Suppose -3*h + 7*n + 58 = 5*n, -h + 19 = -n. Suppose 3*t = 1 + h. Calculate q(t).
-11
Let p = -34 + 34. Let v(j) be the third derivative of p*j - 1/24*j**4 + 0*j**3 + 0 - 5*j**2. Determine v(-2).
2
Let u(p) be the third derivative of p**6/120 - p**5/12 + p**4/4 - 3*p**3/2 - 14*p**2 + 11*p. Determine u(4).
-1
Let g(v) = -3*v + 16. Suppose 4*s + 8 = 6*s. Let r be g(s). Let m(o) = -24 - r*o**2 + 3*o**2 - 6*o + 28. Give m(-6).
4
Let t(c) = c**2 - c - 7. Let y(b) = 2*b - 20. Let f = 4 - -6. Let p be y(f). Give t(p).
-7
Let c(v) = -v**3 - 5*v**2 + 5*v - 12. Let q = 146 + -152. What is c(q)?
-6
Suppose 0 = -7*z + 9*z + 22. Let u = 13 + z. Let p(k) = -3 + u + 0 - k. Calculate p(-5).
4
Let r(u) = u**3. Let w(s) = -s**3 + 5*s**2 - 3*s - 2. Let o(i) = -r(i) + w(i). Give o(3).
-20
Let k(m) = m**3 - 26 - 9*m**2 + m**2 + 17*m - 4*m**2 - 15*m. Give k(12).
-2
Let c(n) = -3*n**2 - 21*n + 13. Let o(l) = -l**2 - 7*l + 5. Let d(m) = -6*c(m) + 17*o(m). Calculate d(-5).
-3
Let n(b) be the first derivative of -b**4/12 + 5*b**3/6 + 11*b + 19. Let g(x) be the first derivative of n(x). Determine g(5).
0
Suppose r + 8 = 3*r. Suppose 2*q = -2 + 6. Let j(n) = 7*n + 0*n**3 - q*n - 5 + 2*n**3 - n**3 - 4*n**2. Determine j(r).
15
Let x(g) = -g**3 - 5*g**2 + 8*g + 4. Suppose 4*k + 19 = -5*c, -k + 4*c + 3 = 13. Calculate x(k).
-8
Suppose 3*j + 3*t = 12, 70*j + 2*t + 22 = 78*j. Let a(o) be the third derivative of 0*o + 0 + 1/24*o**4 + 11*o**2 + 2/3*o**j. Calculate a(-2).
2
Let y(x) = -7 + 5*x + 0*x + 6*x + 1. Determine y(1).
5
Let d(n) = 1 - 6*n - n + 3. Let h = -8686 - -8689. Determine d(h).
-17
Let o be 1 + 1 + -5 - -7. Let v be o/((-12)/(-9))*1. Let b(m) = -2*m**3 - 7*m**2 + 8*m + 5 + 4*m**3 - m**v + 1. Give b(6).
18
Let w(v) = v**3 - 6*v**2 + 5*v + 6. Let g(t) = t**3 - 16*t**2 + 3*t - 93 + 82 - 2*t. Let u be g(16). Give w(u).
6
Let l(h) be the first derivative of h**2/2 - h - 10. Suppose -2*o + 4*y = -14, -4*o + 2*y + 3 + 1 = 0. Calculate l(o).
-2
Suppose 2*v - 6 = v. Let b(f) = f + v - 2 - 1. Suppose -2*z + 3 = -z - q, 4*z - 5*q = 10. Calculate b(z).
8
Let t(h) be the second derivative of 0 - 1/2*h**2 - h - 5/6*h**3. What is t(1)?
-6
Let v(k) be the third derivative of -k**5/60 + k**4/8 + k**3/6 + 471*k**2. Let g = -4 - -7. Give v(g).
1
Let v = -7 - -8. Let d be 1/(v/2*2). Let o(k) = 2*k - 4*k**3 + 6*k**3 - 4*k - 2*k**2 + d. Determine o(2).
5
Let a(k) be the second derivative of k**5/20 + k**4/12 + k**3/3 - 3*k**2/2 + 282*k. Give a(0).
-3
Let c be (-6)/(-4)*(2 + (-10)/15). Let t(d) be the second derivative of -4*d + 1/3*d**3 + 1/12*d**4 + 0 - 3/2*d**c. Determine t(2).
5
Let l(u) = -5*u - 18. Let o(f) = 28*f + 91. Let h(w) = 11*l(w) + 2*o(w). Determine h(20).
4
Let a(j) = -5*j + 9. Let u(s) = s. Let z(l) = a(l) + 4*u(l). Let b = 12 - 14. Let v be 27/6 + (-1)/b. What is z(v)?
4
Suppose 85 = 15*k + 205. Let p(n) = n**3 + 8*n**2 + 3*n + 19. Determine p(k).
-5
Let v = 6 + -1. Suppose v*o - 1 = 2*p, o - 31 = 2*p + 6*o. Let a = p + 10. Let q(l) = -2*l + 1. Give q(a).
-3
Let r(d) = 1 - 2 - 2*d + d. Suppose -62*k - 33 - 277 = 0. Give r(k).
4
Let q(r) = r**2 + 7*r + 11. Let z(y) = -y + 1. Let m(t) = -q(t) + 2*z(t). Let j(s) = s**3 + 96*s**2 - 396*s + 392. Let o be j(-100). What is m(o)?
-1
Let h(o) = 11*o**2 - 5*o + 42. Let f(g) = 4*g**2 - 2*g + 15. Let j(d) = -8*f(d) + 3*h(d). Give j(0).
6
Let l(d) = 9*d - 9*d**2 - 3*d**2 - 12 + 10*d**2 + 11. Calculate l(7).
-36
Let k(y) = y**2 - 1. Suppose 188*j - 196*j = 8. Determine k(j).
0
Let t(v) = -v + 1. Let j = 904 - 903. Calculate t(j).
0
Let f(n) = n**2 - 12*n + 5. Let w be f(11). Let a be ((-20)/w)/(6/9). 